h = 228 + -217. Let y be t(h). What is the highest common divisor of y and 6?
2
Let r be ((-4)/3)/4*-3. Suppose 2*p - 9 = -r. What is the greatest common factor of p and 4?
4
Let f be 50/8*4*5. Let w(g) = g**3 - 20*g**2 - 16*g - 80. Let i be 27*1 - (4 + 10/5). Let b be w(i). Calculate the greatest common factor of f and b.
25
Suppose -6*x = -2746 + 448. Let b = -215 + x. What is the highest common factor of b and 42?
42
Suppose -912 = 31*i - 17*i - 38*i. What is the greatest common divisor of i and 8474?
38
Let u be 1 + 1 - (-25 + (15 - -5)). Suppose -a + 5*p + 27 = -0*a, 5*p + 34 = 2*a. Suppose -a = 3*k - 4*k. What is the highest common factor of u and k?
7
Let o be (-2)/3 - (-26)/3. Suppose 4*c = 5*f - 3900, 212 = 2*f + c - 1335. Calculate the greatest common factor of o and f.
8
Suppose 30*k - 6837 = -111*k + 24747. What is the highest common divisor of 1162 and k?
14
Let q = -5166 - -5227. What is the greatest common factor of 4453 and q?
61
Let o be (105/(-2))/((-2)/12). Let r = 321 - 316. Suppose r*i - 160 = -5*h, i - 26 = 2*h - 5*h. What is the highest common factor of i and o?
35
Let o = 22900 - 22897. Let x = 0 + 1. Calculate the greatest common divisor of x and o.
1
Let l(v) = -v**3 - 10*v**2 - 27*v + 8. Let r be l(-7). What is the highest common factor of r and 800?
50
Suppose -5*y - 2*s = -5*s - 110, -2*y - s = -44. Calculate the greatest common divisor of 6853 and y.
11
Let c(w) = -205*w**3 - 5*w**2 - 14*w - 1. Let a be c(-4). What is the greatest common divisor of a and 54?
27
Let c(v) = 5*v**2 + 185*v + 22. Let q be c(-37). What is the highest common factor of 1078 and q?
22
Let r = -219 - -219. Suppose 16*d - 485 - 171 = r. What is the highest common divisor of d and 943?
41
Let b(s) = -6*s**3 + 6*s**2 - 33*s - 137. Let o be b(-5). What is the greatest common factor of o and 87?
29
Suppose 4*r = 4*l - 56, l - 21*r = -16*r + 38. What is the highest common factor of 3356 and l?
4
Let j be (-40)/50*(-5)/2 - -35. Let v = 8 - -4. Let w = j - v. Calculate the highest common factor of 125 and w.
25
Suppose 23*l + 30*l = -6*l + 65018. Calculate the greatest common divisor of l and 4.
2
Let w(c) = 2*c**2 + 7*c - 10. Let k = 7 + -14. Let r be w(k). Suppose -115*h + 690 = -35*h - 1390. What is the highest common divisor of r and h?
13
Suppose -i + 2052 = -5*x, -9*i + 18688 = -x - 0*x. What is the highest common divisor of i and 335?
67
Let v(r) = -r**2 + 8*r - 11. Let d be v(5). Suppose -q - d*t = -247, 4*t - 1235 = -5*q + 9*t. Calculate the highest common divisor of 26 and q.
13
Suppose -6*u = -2*u - 1144. Let b be (-861)/14*(-12)/(-9). Let x = 108 + b. Calculate the highest common divisor of x and u.
26
Let c(f) = -f**2 + 13*f + 15. Let r be c(14). Let x be 5*1141/35 - (r + 0). Calculate the greatest common factor of 216 and x.
54
Let p = -13683 + 14775. Calculate the greatest common factor of 130 and p.
26
Suppose -11 + 2 = j. Let a = 5 + j. Let n be (-2)/2 - (-279 + a). Calculate the greatest common factor of n and 47.
47
Let d(o) = 30*o**2 + 3*o. Let r be d(-1). Let v be 486/(-36)*(52/3)/(-2). What is the highest common divisor of r and v?
9
Let g(h) = -183*h - 765. Let f be g(-7). What is the highest common factor of 129 and f?
129
Suppose -i = 2*g - 6, -2*i + 0*i + g + 2 = 0. Suppose -i*o + 72 = -38. Let b = 105 - o. Calculate the greatest common factor of 10 and b.
10
Let n be ((-111)/12 - -12)*336. Calculate the greatest common divisor of 168 and n.
84
Suppose 4*y = 4*q - 16, 10 = 4*q - 6. Suppose c - 3*t - 133 = 0, -3*c + 2*t + 10 + 396 = y. Calculate the greatest common divisor of 17 and c.
17
Let y = 2387 - 1617. Let p be 33*(1 + ((-2)/3)/(-10 - -9)). What is the highest common factor of y and p?
55
Let k be (-5)/(25/10) + 5. Suppose 0 = -k*g + 12, 3*z + 3*g = 725 + 574. Suppose 8*v - 5*v - z = 0. What is the highest common factor of 13 and v?
13
Suppose -9 = 3*q, 2*x + 2*q - 4*q - 652 = 0. What is the highest common factor of 119 and x?
17
Suppose 3*l = 25 - 7. Let c(z) be the second derivative of z**3/3 + 23*z**2/2 + 32*z + 1. Let n be c(-4). Calculate the greatest common divisor of n and l.
3
Let k be (575 - 148) + (-3 - 1 - 5). What is the greatest common factor of k and 437?
19
Let s(g) = -10*g + 2. Let x be s(-5). Let d(k) = -45*k + 98. Let y be d(2). Calculate the greatest common divisor of x and y.
4
Let j be 1/((-25)/(-175)) + (-54)/(-2) + 0. What is the greatest common factor of 30022 and j?
34
Let q = 10 - 8. Let o be 217 - ((q - -3) + -12). Let i be (-4)/6 + 86/3. Calculate the highest common factor of i and o.
28
Let l = 65 - 60. Suppose r + l*s = -25, 2*s = -r - r - 10. Suppose 13*o - 14*o + 16 = r. Calculate the greatest common factor of 112 and o.
16
Let s(h) = 2*h**2 - 18*h - 17. Let x = -182 + 201. Let l be s(x). Calculate the highest common divisor of 33 and l.
33
Let b(q) = 19*q - 33. Let k be b(6). Let o = k - 78. Let y be ((-5 + o)/(-2))/((-2)/(-78)). What is the highest common divisor of y and 3?
3
Let x = 29 + -27. Let c be (-3)/(7 + x) - (-110)/6. Calculate the greatest common factor of c and 153.
9
Suppose -4*p - 6*d + d = -101, 4*p = 3*d + 61. Suppose -6*y - 4*b + 94 = 0, 2*b - 75 = -4*y - 9. Calculate the greatest common divisor of p and y.
19
Suppose 2*p = 4*a - p - 61, -2*a + 41 = -5*p. Suppose -9*d = -a*d + 204. What is the greatest common factor of 68 and d?
17
Let b = 84 + 48. Let n(z) = z**3 + 2*z**2 + 41. Let k be n(-5). Let d = 46 + k. What is the greatest common divisor of b and d?
12
Let b = -293 + 293. Suppose b = 9*d - 3*d - 30. Calculate the highest common divisor of d and 20.
5
Let w = -23 - -95. Suppose -5*x + 45 = -5*c, -16 = 6*c - 2*c. Suppose x*o = -18*o + 414. Calculate the greatest common divisor of w and o.
18
Let c = 28427 - 28421. Calculate the highest common factor of 1504 and c.
2
Let f be (-1170)/455*238/(-6). Suppose 43 = s + 3*a, s - 4*a - 37 = -15. What is the greatest common factor of s and f?
34
Let p be 48/(-7)*(-231)/22. Suppose 2*v - 10 = -4*o, -2*v + 0 = o - 1. Suppose -2*q - 8 = -o*q. Calculate the greatest common divisor of p and q.
8
Suppose -3*y + 81 = 4*g, 5*y = -16 + 31. Calculate the highest common factor of g and 207.
9
Suppose 8318 - 6618 = 17*h. Let a(f) = 4*f - 12. Let j = 1 - -7. Let s be a(j). Calculate the highest common factor of h and s.
20
Suppose -1583 = -16*k + 11*k + 9*h, -5*h + 269 = k. What is the greatest common factor of 3268 and k?
76
Suppose -249 = -3*k - 3*v, -88*k + 90*k - 169 = -3*v. Calculate the highest common factor of k and 3808.
16
Let r = -4315 + 4479. Calculate the greatest common divisor of r and 123.
41
Let x = -17 - -13. Let b be ((-66)/x)/(8/16). Let j be 1814/5 + (-30)/(-150). What is the highest common factor of j and b?
33
Let c = 13908 + -13885. What is the greatest common divisor of 1081 and c?
23
Suppose -17*q + 16 + 103 = 0. Let j be 249 + q/(42/18). Calculate the highest common divisor of 216 and j.
36
Let x = 9 + -6. Suppose -5*t - y = -288, 162*t - y = 161*t + 54. Calculate the greatest common factor of t and x.
3
Let k = -42 - -40. Let n be ((-10)/k)/(((-30)/(-84))/5). Let v = -39 + n. Calculate the highest common factor of 279 and v.
31
Let t(z) = 12 + 3666*z**3 - 1835*z**3 - 2*z**2 + 9*z - 1832*z**3. Let j be t(-6). What is the highest common divisor of 6 and j?
6
Let z be 8318/14 + (-101)/707. What is the greatest common divisor of 81 and z?
27
Suppose -78*f = -75*f - 1539. Calculate the greatest common divisor of f and 95.
19
Let o be -2 - (-7 + 12 - 14). Calculate the highest common divisor of 4039 and o.
7
Let o be 321/4 - ((-20)/(-16))/5. Suppose -122 - 38 = -8*y. Calculate the highest common divisor of o and y.
20
Let n be 144 - (0 - (3 - 3)). Suppose -2*f = -5*t - 186, -5*f + 3*t + n = -340. Suppose 4*v - 354 + f = 0. Calculate the greatest common divisor of 16 and v.
16
Let s = 40 + -38. Suppose -s*i + 21 = -11. Let m be (-766)/(-6) + 2/6. Calculate the greatest common divisor of m and i.
16
Suppose -711 = 59*n - 2658. Calculate the highest common factor of 28941 and n.
33
Suppose 14*z - 93 = 33. Suppose 429 + 4107 = z*v. Calculate the highest common factor of v and 28.
28
Suppose 5*v + 9710 = 92*k - 87*k, -k + 1932 = -3*v. What is the greatest common divisor of 6 and k?
3
Suppose -3 = -22*r + 21*r -